l(j). Calculate the greatest common factor of a and 25.
5
Suppose 2*t - 4 = 44. What is the greatest common factor of 192 and t?
24
Let m(w) = 6*w - 2. Let h be m(2). Let k be (-11)/33 - (-228)/9. Calculate the highest common divisor of k and h.
5
Suppose 0 = 2*r - 4. Suppose q + z + r*z = 25, -2*z = -2*q + 42. Let k be (-1)/(-4) + (-43)/(-4). What is the highest common divisor of k and q?
11
Suppose -5*i + 12 = 3*t - 2*i, 4*t = -i + 25. Calculate the highest common factor of t and 7.
7
Let z be 3*4/(24/34). Let q be (2/(-3))/(2/(-204)). What is the greatest common divisor of q and z?
17
Let d(s) = s**2 + 3*s - 7. Let i be d(-10). Let c be 1/(2 - i/33). Suppose -q - q + x + c = 0, -5*x - 13 = 4*q. What is the highest common divisor of 2 and q?
1
Let a be 10/(-15)*(-10 + 1). Let n be (2 - 5/2)*-48. What is the highest common divisor of n and a?
6
Let g be 4/(-20)*-4*5/2. Let v be (1 - -12*1) + 1. Calculate the greatest common factor of g and v.
2
Suppose 6*m = 2*m + 72. Let u = -2 - -8. Let b be -3*(-2)/u*27. Calculate the greatest common divisor of b and m.
9
Let b(q) = -q**2 - 7*q + 7. Let w be b(-6). Let r = w - 4. Calculate the highest common factor of 81 and r.
9
Suppose h + 3*v = -1, -11 = -3*h + 4*v + 25. Let u be 34 - (4 - (2 + -1)). Suppose -3*n + u = -h. What is the greatest common divisor of n and 117?
13
Suppose 2*h - 10 = -0*h. Let l be -3 + h + -2*1. Suppose l*s + 3*s = 9. What is the greatest common factor of s and 1?
1
Suppose 0 = 5*k + 3*z - 190, -2*k + z = -4*z - 45. What is the highest common factor of k and 5?
5
Let f(g) = -24*g**3 - 2*g**2 - 2*g - 1. Let j be f(-1). Let u = 38 - j. Calculate the highest common divisor of 10 and u.
5
Suppose -12 = 5*b - 87. What is the greatest common factor of b and 105?
15
Suppose 0 = -8*b + 10*b. Suppose 3*d - 27 - 3 = b. Suppose -5*c = 2*u - 26, 0 = 5*c - u - 17 - 0. Calculate the highest common divisor of d and c.
2
Suppose -224 = -6*d - d. Calculate the greatest common divisor of d and 8.
8
Let o = 45 - 36. What is the greatest common factor of o and 45?
9
Let p be 3/(-9) - (-26)/6. Suppose -p = 2*b - 0*b + 3*z, 2*z = -8. Let r be 27/6 + 2/b. Calculate the highest common divisor of 10 and r.
5
Let f(a) be the third derivative of -a**4/8 - a**3 + 2*a**2. Let q be f(-5). Calculate the highest common factor of 18 and q.
9
Suppose 0*o - 6*o = -18. Suppose 3*r = 4*t - 874, -r = 5*t + o - 1105. Calculate the highest common divisor of 20 and t.
20
Let o = -3 + 43. Let a = -13 + 23. Suppose 3*v - a = v. What is the highest common factor of v and o?
5
Let h be 17/2 - (-1)/(-2). Calculate the greatest common factor of 16 and h.
8
Suppose -6 = -4*c + 3*c. Let x(h) = -2*h**2 - h - 2. Let w be x(-1). Let a be (-1)/w + 82/c. Calculate the greatest common divisor of a and 28.
14
Let m be 1*(-2 - (-6 - 2)). Let y be m + -1 - (-3 + 3). Let c be 5/3 - 18/27. Calculate the highest common divisor of y and c.
1
Suppose 0 = -0*h + 2*h - 4. Let p be 30/(h + -5)*-1. Calculate the greatest common divisor of 10 and p.
10
Let a(s) = -s**2 + 5*s - 1. Let n be a(3). Suppose -55 = -n*j - 5*p, 4*j - p = -0*j + 19. Let w = -42 + 72. Calculate the greatest common divisor of w and j.
6
Let k(d) = -d - 1. Let f be k(-3). Suppose -4*r + f*r = -36. What is the highest common divisor of 54 and r?
18
Suppose 4*k - 5*j - 91 = 561, 3*j = 3*k - 492. What is the highest common factor of k and 24?
24
Suppose -4*j + 6 = -3*j. Let f be (j - -1)*2/(-2). Let o = f + 52. What is the highest common divisor of o and 9?
9
Let f(v) = -v + 2. Let g be f(4). Let i = 7 - g. Let h(m) = 8*m**3 + 2*m**2 - 1. Let t be h(1). What is the greatest common divisor of t and i?
9
Suppose 0 = -2*r - 35 - 9. Let p = r + 32. Let m be (-91)/(-3) + 4/(-12). What is the greatest common factor of p and m?
10
Suppose -4*t + 16 = m, -m - t = m - 25. What is the greatest common divisor of 132 and m?
12
Let c = -1 + 5. Suppose t + 396 = c*t. Suppose 2 = -4*b + 50. What is the highest common factor of b and t?
12
Let p = -48 - -184. Suppose 10 = -5*i, -5*o + o = 4*i - 60. What is the greatest common factor of o and p?
17
Suppose 3*s = 2*s + 17. Let p be 54/(-4)*(-68)/6. Calculate the highest common divisor of p and s.
17
Let r be (-3 - -1) + (2 - 2). Let w(o) = 1 - 2 - o**2 - o**3 + o + 0. Let t be w(r). What is the highest common factor of 5 and t?
1
Let p be 8/(-28) + 32/14. Let t = 48 + -16. Suppose -t = -z - z. Calculate the highest common factor of p and z.
2
Suppose 3*m = z - 2, -4*z = -m + 6*m - 25. Let a = 14 - 9. Suppose l = 1, z = a*n - 4*l - 26. Calculate the highest common divisor of n and 77.
7
Suppose 0 = s - 5*t - 37, 3*s - 3*t = 21 + 42. Let n = s - -95. Let m = -2 + 16. What is the greatest common divisor of m and n?
14
Suppose 0*u + u = 25. Suppose b + 4*w - u = 0, 0 = 4*b - 0*w + 2*w - 170. Let a = 18 - 9. What is the greatest common divisor of b and a?
9
Suppose 0 = 2*m - 18 - 50. Calculate the greatest common divisor of m and 374.
34
Suppose 2*g - 7*g - 4*s = 7, 5*g + 3*s = -4. Let m be -3*g*(-68)/(-6). Let b be m/(-9) - (-6)/27. Calculate the highest common divisor of b and 36.
4
Let d = -121 + 169. Calculate the highest common divisor of 12 and d.
12
Suppose -4*w + 32 = 3*g - 2*g, -2*w + 4*g + 16 = 0. Calculate the greatest common factor of w and 56.
8
Let g = -33 - -89. Let d(z) = 9*z**2 - 1. Let v(f) = f**3 + 5*f**2 + 5*f + 3. Let t be v(-4). Let k be d(t). What is the greatest common divisor of k and g?
8
Let k(p) = -9*p + 8*p - 1 + 2. Let f be k(1). Let i be 98 - ((-1 - 0) + f). Calculate the greatest common divisor of i and 9.
9
Let j be 1/(42/918) - (-2)/14. Calculate the highest common factor of j and 2.
2
Let g be (-2)/(-6) + (-508)/(-6). Suppose -b = -2 - 3, -5*y + 3*b = -70. What is the greatest common divisor of y and g?
17
Let y(p) = -3*p**2 - p + 2. Let t be y(7). Let l = 246 + t. Suppose 5*a + 29 = l. Calculate the greatest common divisor of a and 13.
13
Let g(s) = 3*s**2 - 5*s + 4. Let n be g(-10). Let o be (-4)/14 + n/14. What is the greatest common factor of 5 and o?
5
Let g be 6/2*(-10)/(-6). Let c(l) = 1 - 4 + 4 + g*l - l. Let t be c(1). What is the highest common divisor of t and 2?
1
Let c be 4/(-16) - (-1284)/16. What is the highest common divisor of 200 and c?
40
Let x be -216*(0 + 6/(-9)). Suppose -x = -v - 45. Calculate the highest common factor of 9 and v.
9
Let o be 3137/15 - 4/30. Let m be 2/(-7) + 135/7. What is the highest common divisor of o and m?
19
Suppose 0 = -0*c + 4*c - 64. Calculate the highest common divisor of c and 4.
4
Suppose -64*z + 66*z = 28. What is the greatest common divisor of z and 4?
2
Let q = -51 + 87. Suppose 5*h - 3*h = q. Calculate the greatest common divisor of 126 and h.
18
Let n be ((-94)/(-4))/((-2)/(-4)). Let w = n + -31. What is the highest common factor of w and 144?
16
Let q = 69 + -34. Calculate the highest common factor of 5 and q.
5
Let r(m) = 12*m + 3. Let d be r(6). Suppose 3 = -3*i, -i = 5*g - g - d. What is the highest common divisor of 209 and g?
19
Suppose 0 = t - 2*l, 0 = -0*t - 3*t + 4*l + 4. Suppose 2*v - 100 = -3*u - 0*v, -4*u + 4*v = -120. Calculate the highest common factor of u and t.
4
Suppose -m + 14 = -2*k - 10, 3*k + 24 = m. What is the highest common factor of 3 and m?
3
Let c be ((-2)/(-8))/(3/36). Suppose 0*m - 4*m + 3 = -l, 5*l + 90 = -5*m. Let i = l + 24. Calculate the greatest common factor of c and i.
3
Suppose 0 = -q + 3*y + 26, -3*q + 17*y + 106 = 22*y. Let z(k) = -k**3 - 3*k**2 - 2*k + 2. Let n be z(-3). What is the greatest common factor of q and n?
8
Let c be (-1430)/39*(0 + 18/(-10)). Suppose v + 6 = 4*v. Let u be (-92)/(-2) - v - 0. Calculate the greatest common divisor of c and u.
22
Let s(p) = 2*p**2 + p - 15. Let g be s(7). Calculate the highest common divisor of 18 and g.
18
Suppose -2*j + 4*p - 3*p = -10, -22 = -3*j + 5*p. Calculate the greatest common divisor of 36 and j.
4
Let n = 2 + 1. Let i be (n/(-9))/1*-21. Suppose -3*q + 0*q + 5*l - 7 = 0, 4*q + 2*l - 8 = 0. What is the highest common divisor of q and i?
1
Let a = 210 + -21. Suppose -2*m = 6, 2*u + 6*m = 2*m - 32. Let p be (42/u)/((-3)/15). What is the greatest common factor of p and a?
21
Let o(j) = -2*j - 4. Let c be o(-4). Let w = 0 + c. Suppose -48 = -2*u - w*v, -v = 5*u - 